2*a + 2. Let h(k) be the third derivative of -k**6/120 + 7*k**5/60 - 5*k**4/24 - k**3 + 5*k**2. Let c be h(6). What is the units digit of x(c)?
2
Suppose 0 = 3*q - 5*d - 2, 4*q + 0*d - 11 = 5*d. Suppose 3*a - q = -0*a. What is the tens digit of (-5)/(-15) + 47/a?
1
Let t(o) = o - 6. Let a be t(13). Suppose 0 = -q + a - 5. What is the units digit of q?
2
Suppose -28 = -4*l + 5*h, 0*h + 3*h = 3*l - 18. What is the units digit of (-3)/6*(-80)/l?
0
Let g(u) = 11*u**2 - 11 + 7*u**2 - u**3 + 0*u**2 - 2*u + 2*u**3. What is the units digit of g(-18)?
5
Let s(n) = 3*n**2 + 1 - 16*n + 5 + 9*n**2 + n**3 + 3*n**2. Let q be s(-16). Suppose -4*o + q*o = 70. What is the units digit of o?
5
Let s(q) = q**2 - 5*q - 7. Let a be s(8). Let m(o) = o + o**2 - 3 - 6*o + a*o. What is the units digit of m(-14)?
5
Let b(y) = -y**2 - 5*y - 1. Let t be b(-4). Let z = t + 0. Suppose -6 = -3*f + 3, 3 = 4*w - z*f. What is the units digit of w?
3
Let g be 588/12 + (1 - -1). What is the units digit of (g/(-5))/(1/(-5))?
1
What is the hundreds digit of (-2952)/(-3) - -1 - -6?
9
Let g = 22 + -24. Let q(b) = -4*b**3 - 3*b**2 - 2*b + 1. What is the tens digit of q(g)?
2
Let x(i) = -4*i - 23. Let l be x(-6). What is the units digit of (11 + 7)*(-2)/(-6)*l?
6
Suppose 5*t + 122 = 6*t. What is the hundreds digit of t?
1
Suppose -3*z + 2 = -z. Let h(t) = 9*t**3 - t**2 - t + 1. Let p be h(z). Suppose -4*x + p = -16. What is the units digit of x?
6
Suppose j = 4*j + v - 926, -3*v + 1233 = 4*j. Let i = -22 + j. What is the hundreds digit of i?
2
Let a = 1651 - 795. What is the hundreds digit of a?
8
Suppose -2*v = -v - 4. Suppose 5*a - 18 = m, 0 = -a - v*a - 5*m. What is the tens digit of (-117 + 0)*(-1)/a?
3
Suppose 3*r = 104 - 29. Let n(p) = -10*p**2 + 10*p + r*p**3 - 4 - 24*p**3 + 3. What is the units digit of n(9)?
8
Let p(x) = x**2 + 4*x - 1. Let j be p(-5). Suppose j*m - 435 = -31. What is the hundreds digit of m?
1
Let t = 1211 - 388. What is the tens digit of t?
2
Suppose -107*s - 3620 = -111*s. What is the hundreds digit of s?
9
Suppose -2*x + 7 + 1 = 0. Suppose 5*z = -w + 34, -3*w - x*z = -w - 80. Suppose 5*t - w = t. What is the tens digit of t?
1
Suppose 42*v = 32*v + 8760. What is the units digit of v?
6
Suppose d = 6*d + 45. Let c(q) = -6*q - 4. Let j be c(d). Let l = j - 28. What is the tens digit of l?
2
Let n(k) = 17*k + 3. Suppose -4*l + 0*z = 2*z + 14, 3*l + 3*z + 6 = 0. Let y be n(l). Let x = -58 - y. What is the units digit of x?
4
What is the tens digit of (-36)/(((-24)/30)/((-12)/(-10)))?
5
Let z(b) = b**2 + 6. Let x be z(-5). Let a(u) = 9*u - 60. Let g be a(5). Let l = g + x. What is the tens digit of l?
1
Suppose 2*y + 4731 = 11027. What is the thousands digit of y?
3
Suppose 0 = -25*u + 7149 + 19951. What is the thousands digit of u?
1
What is the tens digit of (0 - 0 - 1)/((-60)/25320)?
2
Suppose 0 = -3*u - 16 + 4. Let b = u - 38. Let o = b - -98. What is the tens digit of o?
5
Let m be 4/(-1) - 720/(-20). What is the tens digit of m/(((-9)/36)/(1/(-2)))?
6
Suppose 13*v - 3 = 12*v. Suppose y = -b + 54, -5*b = -v*b + 2. What is the tens digit of y?
5
Let w = 112 + -74. Let l = w + -8. What is the tens digit of l?
3
Let d = -1482 + 2369. What is the units digit of d?
7
Let w(r) = -7*r + 2. Let v be w(-1). Let d be 3260/90 + (-2)/v. Suppose 19 = 5*l - d. What is the tens digit of l?
1
Suppose -556 = -7*u + 3*u. Suppose -5 = -3*x + u. What is the tens digit of x?
4
Suppose 13 = -3*p - 47. Let a = -10 - p. Suppose 5 = y - a. What is the tens digit of y?
1
Let c = -10 - -13. Suppose -k = c*k - 32. Let h(u) = 2*u + 9. What is the tens digit of h(k)?
2
Suppose -2*j = -4*c + 2*j - 4, 2*c + 5*j = -30. Let f be -6 + c/1 + 2. What is the units digit of (3*-1)/(1/f)?
7
Let q(s) = 5*s. Let n be q(1). Let w(g) = g**3 - 2*g**2 + 3*g. Let m be w(3). Suppose -b = -m + n. What is the units digit of b?
3
What is the tens digit of 290 + (-1 - -3)/4*8?
9
Let l be (-4)/14 - 210/(-49). Suppose -q - 4 - l = 0. What is the tens digit of 54/3*q/(-12)?
1
Suppose -3*u + 972 = 3*u. Let m = 255 - u. What is the units digit of m?
3
What is the units digit of (10 - (-20)/(-5)) + 579?
5
Let q(b) = 18*b**3 + 8*b**2 - 6*b + 3. Let i(f) = -53*f**3 - 23*f**2 + 17*f - 8. Let w(p) = 6*i(p) + 17*q(p). What is the tens digit of w(-2)?
9
Let d be 8/1 + (-1 - 0). Suppose -d*r + 6*r + 62 = 0. What is the units digit of r?
2
Let j(n) = 99*n**2 + n - 31. What is the tens digit of j(-3)?
5
Suppose -i - 2*i - 51 = 0. Let s be 28/35*(-290)/4*-1. Let p = i + s. What is the tens digit of p?
4
Suppose -8*m + 5 + 11 = 0. Suppose m*s = -5*b + 210, 2*b - 5*s - 4 - 51 = 0. What is the units digit of b?
0
Suppose 0 = 3*h - 3 - 36. Let b = h - 11. Suppose 5*o = -b + 12. What is the units digit of o?
2
Suppose 4382 = 112*f - 110*f. What is the units digit of f?
1
Let p(j) = 8*j**2 + 11*j - 10. Let o(w) = 7*w**2 + 10*w - 9. Suppose -8*z - 12 = -6*z. Let d(i) = z*p(i) + 7*o(i). What is the tens digit of d(-7)?
1
Let q(g) be the second derivative of 4*g + 1/12*g**4 + 1/2*g**2 + 2/3*g**3 + 0. What is the units digit of q(-7)?
2
Let x(n) = n**2 - 17*n + 17. What is the hundreds digit of x(32)?
4
Let m(g) = -g**2 + 20*g + 5. Let o(u) = u**2 - 3*u + 8. Let h be o(5). What is the units digit of m(h)?
1
What is the hundreds digit of 6/(-21) - 52044/(-21)?
4
Suppose -26*x = 2074 - 9224. What is the tens digit of x?
7
Let q(p) = 34*p**2 + 3*p - 41. What is the hundreds digit of q(-5)?
7
Let d(h) be the third derivative of h**6/120 - 7*h**5/60 + 11*h**4/24 - 5*h**3/6 - 3*h**2. Let t = -8 - -14. What is the tens digit of d(t)?
2
Let d(y) = 8*y**2 + 21*y**2 + 1 + 4*y + 7*y**2 - 10*y**2. What is the units digit of d(-1)?
3
Let j = 2015 - 1278. What is the hundreds digit of j?
7
Let r = -89 + 83. What is the tens digit of 3 - (4/r + 905/(-15))?
6
Let a(t) = 3*t**3 - 6*t**2 - 8*t + 7. Let u be a(6). Suppose 7*j + 27 - u = 0. What is the units digit of j?
2
Suppose 0*s + 5*s - 25 = 3*h, -3*s = h + 27. Let a = h - -26. Let u = 23 - a. What is the tens digit of u?
1
What is the hundreds digit of 7/(2/12 - (-92)/(-696))?
2
Suppose -3*g = -19 - 35. Let v = 39 - g. Suppose -2*d = -d - v. What is the units digit of d?
1
Let z(y) = y + 13. Let n be z(-9). Let t = n - 7. What is the units digit of (4/(-6))/(t/54)?
2
Suppose 4*p - 1377 = p - 3*u, -2*p + 2*u + 918 = 0. What is the hundreds digit of p?
4
Let h be 3/(6/(-416)*-2). Let u be (-7)/(-2)*(5*20)/(-5). Let b = u + h. What is the tens digit of b?
3
Suppose 6*r - 55 = r - 2*k, -r + 23 = -2*k. Suppose -81 = -r*j + 4*j. What is the units digit of j?
9
Let t be (-36)/(-8) - 1/(-2). Let z = 6 + -1. Suppose 3*p - 19 - 96 = -t*m, -5*p + z = -m. What is the units digit of m?
0
Let k(p) be the second derivative of -p**5/20 + 17*p**4/12 + 19*p**3/6 + 3*p**2 + 7*p. What is the tens digit of k(18)?
2
Let t be (-1088)/(-6) + 3 + 30/(-9). Let r = t - 96. What is the tens digit of r?
8
What is the tens digit of (-6014)/(-12) - 22/132?
0
Suppose -h - 4*j = -568, -j - 1116 = -2*h - 5*j. What is the units digit of h?
8
Let m = 236 - -884. What is the hundreds digit of m?
1
Let m(h) = -80*h + 51. What is the tens digit of m(-7)?
1
Suppose 7*h + 13 + 1 = 0. Let q(g) = -g**3 - g**2 + g + 4. What is the units digit of q(h)?
6
Let r(t) = t + 1. Let a(n) = -6*n + 5. Let w(i) = a(i) + 5*r(i). What is the units digit of w(-3)?
3
Let p(h) = h**3 - 13*h**2 - 15*h + 9. What is the tens digit of p(15)?
3
Let u = -109 + 104. Let n(l) = -l**2 - 4*l + 39. What is the tens digit of n(u)?
3
Let x(r) = 5 + 2*r**2 - r**2 + 6*r - 2*r**2 - 13*r. Let d be x(-4). Let s = 38 - d. What is the tens digit of s?
2
Suppose x + 2 = 3, -2*v - 4*x = -542. What is the units digit of v?
9
Let t = 821 - 547. What is the hundreds digit of t?
2
What is the units digit of ((-6)/4)/((-75)/14450)?
9
Let y be (1/((-3)/(-619)))/(7/(-21)). Let u = y - -867. What is the hundreds digit of u?
2
Let u = 1046 + -495. What is the units digit of u?
1
Let q(z) = 48*z**2 - z + 1. Let u = 21 - 19. Let p be q(u). Suppose -d = -4*h - 43 + p, d = h - 37. What is the units digit of h?
7
Let y = -20 - -73. Let m = y + 34. What is the units digit of m?
7
Let o(p) = -4*p - 80. Let g be o(-19). What is the hundreds digit of 1/(10/g*(-9)/3195)?
1
Suppose -9*i + 10